{"id":52571,"date":"2024-10-01T12:53:39","date_gmt":"2024-10-01T10:53:39","guid":{"rendered":"https:\/\/www.mosteirodeoia.com\/?page_id=52571"},"modified":"2024-11-04T16:20:20","modified_gmt":"2024-11-04T15:20:20","slug":"exposicion-un-mosteiro-un-mar-de-historias","status":"publish","type":"page","link":"https:\/\/www.mosteirodeoia.com\/gl\/exposicion-un-mosteiro-un-mar-de-historias\/","title":{"rendered":"Exposici\u00f3n \u201cUn Mosteiro,\u00a0un\u00a0 mar\u00a0de\u00a0historia(s)\u201d"},"content":{"rendered":"\n<script>\n$(document).ready(function() {\n    $('#toggle-full-prensa').click(function() {\n        $('.prensa').removeClass('d-none');\n    });\n    $('#close-full-prensa').click(function() {\n        $('.prensa').addClass('d-none');\n    });\n});\n\n<\/script>\n\n\n\n<div class=\"wp-block-hacce-wrapper container\">\n<div class=\"wp-block-columns is-layout-flex wp-container-core-columns-is-layout-1 wp-block-columns-is-layout-flex\">\n<div class=\"wp-block-column is-layout-flow wp-block-column-is-layout-flow\">\n<p>Convid\u00e1mosche a mergullarte&nbsp;nunha experiencia \u00fanica coa exposici\u00f3n virtual &#8220;Un Mosteiro, un mar de historia(s)&#8221;, que percorre 875 anos de historia do Mosteiro de Santa Mar\u00eda de Oia. Este impresionante monumento, situado a beiras do Atl\u00e1ntico, esp\u00e9rache para descubrir os seus&nbsp;segredos, desde a s\u00faa fundaci\u00f3n no s\u00e9culo XII ata o seu emocionante futuro como hotel.<\/p>\n\n\n\n<p>A trav\u00e9s de catro fascinantes narrativas e tres eixos tem\u00e1ticos, explorar\u00e1s a vida monacal, a s\u00faa \u00e9poca como vivenda tras a desamortizaci\u00f3n ou&nbsp;o seu pasado como c\u00e1rcere franquista. Ademais, co\u00f1ecer\u00e1s os plans de rehabilitaci\u00f3n que aseguran un novo renacer para este tesouro arquitect\u00f3nico.<\/p>\n<\/div>\n\n\n\n<div class=\"wp-block-column is-layout-flow wp-block-column-is-layout-flow\">\n<p>A exposici\u00f3n f\u00edsica p\u00faidose visitar na sede de Afundaci\u00f3n en Vigo do 11 de setembro ao 5 de outubro. Agora, podes acceder \u00e1 s\u00faa versi\u00f3n virtual, dese\u00f1ada para todos os p\u00fablicos, onde a historia de Galicia entrel\u00e1zase coa dun dos seus monumentos m\u00e1is emblem\u00e1ticos.<\/p>\n\n\n\n<p>Ademais, poder\u00e1s revivir sempre que queiras as actividades paralelas que levamos a cabo, durante o per\u00edodo da exposici\u00f3n, a trav\u00e9s das ligaz\u00f3ns para complementar e ampliar os contidos da mostra.<\/p>\n<\/div>\n<\/div>\n\n\n\n<div style=\"height:15px\" aria-hidden=\"true\" class=\"wp-block-spacer\"><\/div>\n<\/div>\n\n\n\n<div class=\"wp-block-hacce-wrapper d-flex justify-content-center container\">\n<div class=\"wp-block-hacce-wrapper h100 w-75\">\n<div class=\"wp-block-coblocks-row coblocks-row-826163012167\" data-columns=\"2\" data-layout=\"50-50\"><div class=\"wp-block-coblocks-row__inner has-no-padding has-no-margin is-stacked-on-mobile has-medium-gutter\">\n<div class=\"wp-block-coblocks-column coblocks-column-826163013309 h-100\" style=\"width:50%\"><div class=\"wp-block-coblocks-column__inner has-no-padding has-no-margin\">\n<div class=\"wp-block-cover hover-grow\"><span aria-hidden=\"true\" class=\"wp-block-cover__background has-background-dim\"><\/span><img loading=\"lazy\" decoding=\"async\" width=\"1024\" height=\"572\" class=\"wp-block-cover__image-background wp-image-52585\" alt=\"\" src=\"https:\/\/www.mosteirodeoia.com\/wp-content\/uploads\/2024\/09\/exposicion-1024x572.webp\" data-object-fit=\"cover\" srcset=\"https:\/\/www.mosteirodeoia.com\/wp-content\/uploads\/2024\/09\/exposicion-1024x572.webp 1024w, https:\/\/www.mosteirodeoia.com\/wp-content\/uploads\/2024\/09\/exposicion-300x168.webp 300w, https:\/\/www.mosteirodeoia.com\/wp-content\/uploads\/2024\/09\/exposicion-768x429.webp 768w, https:\/\/www.mosteirodeoia.com\/wp-content\/uploads\/2024\/09\/exposicion-1536x858.webp 1536w, https:\/\/www.mosteirodeoia.com\/wp-content\/uploads\/2024\/09\/exposicion.webp 2000w\" sizes=\"(max-width: 1024px) 100vw, 1024px\" \/><div class=\"wp-block-cover__inner-container is-layout-flow wp-block-cover-is-layout-flow\">\n<p class=\"has-text-align-center has-large-font-size\"><a href=\"https:\/\/www.mosteirodeoia.com\/gl\/exposicion-un-mosteiro-un-mar-de-historias\/exposicion\/\" data-type=\"page\" data-id=\"53005\" target=\"_blank\" rel=\"noreferrer noopener\">Exposici\u00f3n<\/a><\/p>\n<\/div><\/div>\n<\/div><\/div>\n\n\n\n<div class=\"wp-block-coblocks-column coblocks-column-826163013311 h-100\" style=\"width:50%\"><div class=\"wp-block-coblocks-column__inner has-no-padding has-no-margin\">\n<div class=\"wp-block-cover hover-grow\" id=\"actividades\"><span aria-hidden=\"true\" class=\"wp-block-cover__background has-background-dim\"><\/span><img loading=\"lazy\" decoding=\"async\" width=\"2560\" height=\"1920\" class=\"wp-block-cover__image-background wp-image-52598\" alt=\"\" src=\"https:\/\/www.mosteirodeoia.com\/wp-content\/uploads\/2024\/09\/crop-0-0-2560-1920-0-actividades-paralelas-scaled.webp\" data-object-fit=\"cover\" srcset=\"https:\/\/www.mosteirodeoia.com\/wp-content\/uploads\/2024\/09\/crop-0-0-2560-1920-0-actividades-paralelas-scaled.webp 2560w, https:\/\/www.mosteirodeoia.com\/wp-content\/uploads\/2024\/09\/crop-0-0-2560-1920-0-actividades-paralelas-scaled-300x225.webp 300w, https:\/\/www.mosteirodeoia.com\/wp-content\/uploads\/2024\/09\/crop-0-0-2560-1920-0-actividades-paralelas-scaled-1024x768.webp 1024w, https:\/\/www.mosteirodeoia.com\/wp-content\/uploads\/2024\/09\/crop-0-0-2560-1920-0-actividades-paralelas-scaled-768x576.webp 768w, https:\/\/www.mosteirodeoia.com\/wp-content\/uploads\/2024\/09\/crop-0-0-2560-1920-0-actividades-paralelas-scaled-1536x1152.webp 1536w, https:\/\/www.mosteirodeoia.com\/wp-content\/uploads\/2024\/09\/crop-0-0-2560-1920-0-actividades-paralelas-scaled-2048x1536.webp 2048w\" sizes=\"(max-width: 2560px) 100vw, 2560px\" \/><div class=\"wp-block-cover__inner-container is-layout-flow wp-block-cover-is-layout-flow\">\n<p class=\"has-text-align-center fake-a has-large-font-size\"><a href=\"https:\/\/www.mosteirodeoia.com\/gl\/actividades-paralelas-exposicion-mosteiro-mar-de-historias\/\" data-type=\"link\" data-id=\"https:\/\/www.mosteirodeoia.com\/gl\/actividades-paralelas-exposicion-mosteiro-mar-de-historias\/\" target=\"_blank\" rel=\"noreferrer noopener\">Actividades paralelas<\/a><\/p>\n<\/div><\/div>\n<\/div><\/div>\n<\/div><\/div>\n\n\n\n<div style=\"height:70px\" aria-hidden=\"true\" class=\"wp-block-spacer\"><\/div>\n\n\n\n<div class=\"wp-block-cover is-light hover-grow banner\" id=\"toggle-full-prensa\"><span aria-hidden=\"true\" class=\"wp-block-cover__background has-background-dim\" style=\"background-color:#444544\"><\/span><img loading=\"lazy\" decoding=\"async\" width=\"937\" height=\"216\" class=\"wp-block-cover__image-background wp-image-52714\" alt=\"\" src=\"https:\/\/www.mosteirodeoia.com\/wp-content\/uploads\/2024\/10\/banner_prensa.webp\" data-object-fit=\"cover\" srcset=\"https:\/\/www.mosteirodeoia.com\/wp-content\/uploads\/2024\/10\/banner_prensa.webp 937w, https:\/\/www.mosteirodeoia.com\/wp-content\/uploads\/2024\/10\/banner_prensa-300x69.webp 300w, https:\/\/www.mosteirodeoia.com\/wp-content\/uploads\/2024\/10\/banner_prensa-768x177.webp 768w\" sizes=\"(max-width: 937px) 100vw, 937px\" \/><div class=\"wp-block-cover__inner-container is-layout-flow wp-block-cover-is-layout-flow\">\n<p class=\"has-text-align-center has-white-color has-text-color has-link-color has-large-font-size wp-elements-f71524a8abebba6feb4621f7237e6502\">Prensa<\/p>\n<\/div><\/div>\n\n\n\n<div style=\"height:70px\" aria-hidden=\"true\" class=\"wp-block-spacer\"><\/div>\n<\/div>\n<\/div>\n\n\n\n<div id=\"fullscreen\" class=\"wp-block-hacce-wrapper d-none fullscreen prensa container\">\n<p id=\"close-full-prensa\">X<\/p>\n\n\n\n<h3 class=\"wp-block-heading\"><a href=\"https:\/\/telemarinas.com\/se-inaugura-una-exposicion-sobre-el-pasado-presente-y-futuro-del-mosteiro-de-oia\/\" target=\"_blank\" rel=\"noreferrer noopener\"><em>Se inaugura una exposici\u00f3n sobre el pasado, presente y futuro del Mosteiro de Oia<\/em><\/a>   <strong>11\/09<\/strong><\/h3>\n\n\n\n<p>TELE MARI\u00d1AS<\/p>\n\n\n\n<div style=\"height:20px\" aria-hidden=\"true\" class=\"wp-block-spacer\"><\/div>\n\n\n\n<h3 class=\"wp-block-heading\"><a href=\"https:\/\/www.g24.gal\/-\/-a-rehabilitacion-do-mosteiro-de-oia-nunha-mostra-interactiva-en-vigo\" target=\"_blank\" rel=\"noreferrer noopener\"><em>A rehabilitaci\u00f3n do mosteiro de Oia, nunha mostra interactiva en Vigo<\/em><\/a>   <strong>17\/09<\/strong><\/h3>\n\n\n\n<p>TVG<\/p>\n\n\n\n<div style=\"height:20px\" aria-hidden=\"true\" class=\"wp-block-spacer\"><\/div>\n\n\n\n<h3 class=\"wp-block-heading\"><a href=\"https:\/\/www.xunta.gal\/es\/notas-de-prensa\/-\/nova\/005326\/rueda-ensalza-rehabilitacion-del-mosteiro-oia-como-ejemplo-proteccion-del-patrimonio\" target=\"_blank\" rel=\"noreferrer noopener\"><em>Rueda ensalza la rehabilitaci\u00f3n del Mosteiro de Oia como un ejemplo de protecci\u00f3n del patrimonio gallego y motor de desarrollo tur\u00edstico<\/em><\/a>   <strong>18\/09<\/strong><\/h3>\n\n\n\n<p>XUNTA DE GALICIA<\/p>\n\n\n\n<div style=\"height:20px\" aria-hidden=\"true\" class=\"wp-block-spacer\"><\/div>\n\n\n\n<h3 class=\"wp-block-heading\"><a href=\"https:\/\/www.lavozdegalicia.es\/noticia\/vigo\/2024\/09\/19\/monasterio-oia-abadia-colegio-carcel-hotel-lujo\/0003_202409V19C4993.htm\" target=\"_blank\" rel=\"noreferrer noopener\"><em>Monasterio de Oia: abad\u00eda, colegio, c\u00e1rcel y ahora hotel de lujo<\/em><\/a>   <strong>19\/09<\/strong><\/h3>\n\n\n\n<p>LA VOZ DE GALICIA<\/p>\n\n\n\n<div style=\"height:20px\" aria-hidden=\"true\" class=\"wp-block-spacer\"><\/div>\n\n\n\n<h3 class=\"wp-block-heading\"><a href=\"https:\/\/www.farodevigo.es\/comarcas\/2024\/09\/19\/renacer-mosteiro-oia-108300823.html\" target=\"_blank\" rel=\"noreferrer noopener\"><em>El renacer del Mosteiro de Oia<\/em><\/a> <strong>19\/09<\/strong><\/h3>\n\n\n\n<p>FARO DE VIGO<\/p>\n\n\n\n<div style=\"height:20px\" aria-hidden=\"true\" class=\"wp-block-spacer\"><\/div>\n\n\n\n<h3 class=\"wp-block-heading\"><em><a href=\"https:\/\/www.mosteirodeoia.com\/wp-content\/uploads\/2024\/10\/Reportaje-La-aventura-de-la-Ha-1.pdf\" data-type=\"link\" data-id=\"https:\/\/www.mosteirodeoia.com\/wp-content\/uploads\/2024\/10\/Reportaje-La-aventura-de-la-Ha-1.pdf\" target=\"_blank\" rel=\"noreferrer noopener\">Historias entrelazadas<\/a><\/em> <strong>Edici\u00f3n setembro<\/strong><\/h3>\n\n\n\n<p>La aventura de la historia<\/p>\n\n\n\n<div style=\"height:20px\" aria-hidden=\"true\" class=\"wp-block-spacer\"><\/div>\n<\/div>\n\n\n\n<p id=\"close-full-expo\"><\/p>\n\n\n\n<p><\/p>\n","protected":false},"excerpt":{"rendered":"","protected":false},"author":1,"featured_media":0,"parent":0,"menu_order":0,"comment_status":"closed","ping_status":"closed","template":"","meta":{"_editorskit_title_hidden":false,"_editorskit_reading_time":0,"_editorskit_is_block_options_detached":false,"_editorskit_block_options_position":"{}","_coblocks_attr":"","_coblocks_dimensions":"","_coblocks_responsive_height":"","_coblocks_accordion_ie_support":"","footnotes":""},"class_list":["post-52571","page","type-page","status-publish","hentry"],"acf":[],"_links":{"self":[{"href":"https:\/\/www.mosteirodeoia.com\/gl\/wp-json\/wp\/v2\/pages\/52571"}],"collection":[{"href":"https:\/\/www.mosteirodeoia.com\/gl\/wp-json\/wp\/v2\/pages"}],"about":[{"href":"https:\/\/www.mosteirodeoia.com\/gl\/wp-json\/wp\/v2\/types\/page"}],"author":[{"embeddable":true,"href":"https:\/\/www.mosteirodeoia.com\/gl\/wp-json\/wp\/v2\/users\/1"}],"replies":[{"embeddable":true,"href":"https:\/\/www.mosteirodeoia.com\/gl\/wp-json\/wp\/v2\/comments?post=52571"}],"version-history":[{"count":40,"href":"https:\/\/www.mosteirodeoia.com\/gl\/wp-json\/wp\/v2\/pages\/52571\/revisions"}],"predecessor-version":[{"id":53089,"href":"https:\/\/www.mosteirodeoia.com\/gl\/wp-json\/wp\/v2\/pages\/52571\/revisions\/53089"}],"wp:attachment":[{"href":"https:\/\/www.mosteirodeoia.com\/gl\/wp-json\/wp\/v2\/media?parent=52571"}],"curies":[{"name":"wp","href":"https:\/\/api.w.org\/{rel}","templated":true}]}}

Exposición “Un Mosteiro, un  mar de historia(s)”

<script>
$(document).ready(function() {
    $('#toggle-full-prensa').click(function() {
        $('.prensa').removeClass('d-none');
    });
    $('#close-full-prensa').click(function() {
        $('.prensa').addClass('d-none');
    });
});

</script>



<div class="wp-block-hacce-wrapper container">
<div class="wp-block-columns is-layout-flex wp-container-core-columns-is-layout-1 wp-block-columns-is-layout-flex">
<div class="wp-block-column is-layout-flow wp-block-column-is-layout-flow">
<p>Convidámosche a mergullarte&nbsp;nunha experiencia única coa exposición virtual &#8220;Un Mosteiro, un mar de historia(s)&#8221;, que percorre 875 anos de historia do Mosteiro de Santa María de Oia. Este impresionante monumento, situado a beiras do Atlántico, espérache para descubrir os seus&nbsp;segredos, desde a súa fundación no século XII ata o seu emocionante futuro como hotel.</p>



<p>A través de catro fascinantes narrativas e tres eixos temáticos, explorarás a vida monacal, a súa época como vivenda tras a desamortización ou&nbsp;o seu pasado como cárcere franquista. Ademais, coñecerás os plans de rehabilitación que aseguran un novo renacer para este tesouro arquitectónico.</p>
</div>



<div class="wp-block-column is-layout-flow wp-block-column-is-layout-flow">
<p>A exposición física púidose visitar na sede de Afundación en Vigo do 11 de setembro ao 5 de outubro. Agora, podes acceder á súa versión virtual, deseñada para todos os públicos, onde a historia de Galicia entrelázase coa dun dos seus monumentos máis emblemáticos.</p>



<p>Ademais, poderás revivir sempre que queiras as actividades paralelas que levamos a cabo, durante o período da exposición, a través das ligazóns para complementar e ampliar os contidos da mostra.</p>
</div>
</div>



<div style="height:15px" aria-hidden="true" class="wp-block-spacer"></div>
</div>



<div class="wp-block-hacce-wrapper d-flex justify-content-center container">
<div class="wp-block-hacce-wrapper h100 w-75">
<div class="wp-block-coblocks-row coblocks-row-826163012167" data-columns="2" data-layout="50-50"><div class="wp-block-coblocks-row__inner has-no-padding has-no-margin is-stacked-on-mobile has-medium-gutter">
<div class="wp-block-coblocks-column coblocks-column-826163013309 h-100" style="width:50%"><div class="wp-block-coblocks-column__inner has-no-padding has-no-margin">
<div class="wp-block-cover hover-grow"><span aria-hidden="true" class="wp-block-cover__background has-background-dim"></span><img loading="lazy" decoding="async" width="1024" height="572" class="wp-block-cover__image-background wp-image-52585" alt="" src="https://www.mosteirodeoia.com/wp-content/uploads/2024/09/exposicion-1024x572.webp" data-object-fit="cover" srcset="https://www.mosteirodeoia.com/wp-content/uploads/2024/09/exposicion-1024x572.webp 1024w, https://www.mosteirodeoia.com/wp-content/uploads/2024/09/exposicion-300x168.webp 300w, https://www.mosteirodeoia.com/wp-content/uploads/2024/09/exposicion-768x429.webp 768w, https://www.mosteirodeoia.com/wp-content/uploads/2024/09/exposicion-1536x858.webp 1536w, https://www.mosteirodeoia.com/wp-content/uploads/2024/09/exposicion.webp 2000w" sizes="(max-width: 1024px) 100vw, 1024px" /><div class="wp-block-cover__inner-container is-layout-flow wp-block-cover-is-layout-flow">
<p class="has-text-align-center has-large-font-size"><a href="https://www.mosteirodeoia.com/gl/exposicion-un-mosteiro-un-mar-de-historias/exposicion/" data-type="page" data-id="53005" target="_blank" rel="noreferrer noopener">Exposición</a></p>
</div></div>
</div></div>



<div class="wp-block-coblocks-column coblocks-column-826163013311 h-100" style="width:50%"><div class="wp-block-coblocks-column__inner has-no-padding has-no-margin">
<div class="wp-block-cover hover-grow" id="actividades"><span aria-hidden="true" class="wp-block-cover__background has-background-dim"></span><img loading="lazy" decoding="async" width="2560" height="1920" class="wp-block-cover__image-background wp-image-52598" alt="" src="https://www.mosteirodeoia.com/wp-content/uploads/2024/09/crop-0-0-2560-1920-0-actividades-paralelas-scaled.webp" data-object-fit="cover" srcset="https://www.mosteirodeoia.com/wp-content/uploads/2024/09/crop-0-0-2560-1920-0-actividades-paralelas-scaled.webp 2560w, https://www.mosteirodeoia.com/wp-content/uploads/2024/09/crop-0-0-2560-1920-0-actividades-paralelas-scaled-300x225.webp 300w, https://www.mosteirodeoia.com/wp-content/uploads/2024/09/crop-0-0-2560-1920-0-actividades-paralelas-scaled-1024x768.webp 1024w, https://www.mosteirodeoia.com/wp-content/uploads/2024/09/crop-0-0-2560-1920-0-actividades-paralelas-scaled-768x576.webp 768w, https://www.mosteirodeoia.com/wp-content/uploads/2024/09/crop-0-0-2560-1920-0-actividades-paralelas-scaled-1536x1152.webp 1536w, https://www.mosteirodeoia.com/wp-content/uploads/2024/09/crop-0-0-2560-1920-0-actividades-paralelas-scaled-2048x1536.webp 2048w" sizes="(max-width: 2560px) 100vw, 2560px" /><div class="wp-block-cover__inner-container is-layout-flow wp-block-cover-is-layout-flow">
<p class="has-text-align-center fake-a has-large-font-size"><a href="https://www.mosteirodeoia.com/gl/actividades-paralelas-exposicion-mosteiro-mar-de-historias/" data-type="link" data-id="https://www.mosteirodeoia.com/gl/actividades-paralelas-exposicion-mosteiro-mar-de-historias/" target="_blank" rel="noreferrer noopener">Actividades paralelas</a></p>
</div></div>
</div></div>
</div></div>



<div style="height:70px" aria-hidden="true" class="wp-block-spacer"></div>



<div class="wp-block-cover is-light hover-grow banner" id="toggle-full-prensa"><span aria-hidden="true" class="wp-block-cover__background has-background-dim" style="background-color:#444544"></span><img loading="lazy" decoding="async" width="937" height="216" class="wp-block-cover__image-background wp-image-52714" alt="" src="https://www.mosteirodeoia.com/wp-content/uploads/2024/10/banner_prensa.webp" data-object-fit="cover" srcset="https://www.mosteirodeoia.com/wp-content/uploads/2024/10/banner_prensa.webp 937w, https://www.mosteirodeoia.com/wp-content/uploads/2024/10/banner_prensa-300x69.webp 300w, https://www.mosteirodeoia.com/wp-content/uploads/2024/10/banner_prensa-768x177.webp 768w" sizes="(max-width: 937px) 100vw, 937px" /><div class="wp-block-cover__inner-container is-layout-flow wp-block-cover-is-layout-flow">
<p class="has-text-align-center has-white-color has-text-color has-link-color has-large-font-size wp-elements-f71524a8abebba6feb4621f7237e6502">Prensa</p>
</div></div>



<div style="height:70px" aria-hidden="true" class="wp-block-spacer"></div>
</div>
</div>



<div id="fullscreen" class="wp-block-hacce-wrapper d-none fullscreen prensa container">
<p id="close-full-prensa">X</p>



<h3 class="wp-block-heading"><a href="https://telemarinas.com/se-inaugura-una-exposicion-sobre-el-pasado-presente-y-futuro-del-mosteiro-de-oia/" target="_blank" rel="noreferrer noopener"><em>Se inaugura una exposición sobre el pasado, presente y futuro del Mosteiro de Oia</em></a>   <strong>11/09</strong></h3>



<p>TELE MARIÑAS</p>



<div style="height:20px" aria-hidden="true" class="wp-block-spacer"></div>



<h3 class="wp-block-heading"><a href="https://www.g24.gal/-/-a-rehabilitacion-do-mosteiro-de-oia-nunha-mostra-interactiva-en-vigo" target="_blank" rel="noreferrer noopener"><em>A rehabilitación do mosteiro de Oia, nunha mostra interactiva en Vigo</em></a>   <strong>17/09</strong></h3>



<p>TVG</p>



<div style="height:20px" aria-hidden="true" class="wp-block-spacer"></div>



<h3 class="wp-block-heading"><a href="https://www.xunta.gal/es/notas-de-prensa/-/nova/005326/rueda-ensalza-rehabilitacion-del-mosteiro-oia-como-ejemplo-proteccion-del-patrimonio" target="_blank" rel="noreferrer noopener"><em>Rueda ensalza la rehabilitación del Mosteiro de Oia como un ejemplo de protección del patrimonio gallego y motor de desarrollo turístico</em></a>   <strong>18/09</strong></h3>



<p>XUNTA DE GALICIA</p>



<div style="height:20px" aria-hidden="true" class="wp-block-spacer"></div>



<h3 class="wp-block-heading"><a href="https://www.lavozdegalicia.es/noticia/vigo/2024/09/19/monasterio-oia-abadia-colegio-carcel-hotel-lujo/0003_202409V19C4993.htm" target="_blank" rel="noreferrer noopener"><em>Monasterio de Oia: abadía, colegio, cárcel y ahora hotel de lujo</em></a>   <strong>19/09</strong></h3>



<p>LA VOZ DE GALICIA</p>



<div style="height:20px" aria-hidden="true" class="wp-block-spacer"></div>



<h3 class="wp-block-heading"><a href="https://www.farodevigo.es/comarcas/2024/09/19/renacer-mosteiro-oia-108300823.html" target="_blank" rel="noreferrer noopener"><em>El renacer del Mosteiro de Oia</em></a> <strong>19/09</strong></h3>



<p>FARO DE VIGO</p>



<div style="height:20px" aria-hidden="true" class="wp-block-spacer"></div>



<h3 class="wp-block-heading"><em><a href="https://www.mosteirodeoia.com/wp-content/uploads/2024/10/Reportaje-La-aventura-de-la-Ha-1.pdf" data-type="link" data-id="https://www.mosteirodeoia.com/wp-content/uploads/2024/10/Reportaje-La-aventura-de-la-Ha-1.pdf" target="_blank" rel="noreferrer noopener">Historias entrelazadas</a></em> <strong>Edición setembro</strong></h3>



<p>La aventura de la historia</p>



<div style="height:20px" aria-hidden="true" class="wp-block-spacer"></div>
</div>



<p id="close-full-expo"></p>



<p></p>
