{"id":50565,"date":"2023-07-31T13:52:29","date_gmt":"2023-07-31T11:52:29","guid":{"rendered":"https:\/\/www.mosteirodeoia.com\/nosotros\/"},"modified":"2024-03-07T11:29:00","modified_gmt":"2024-03-07T10:29:00","slug":"nos","status":"publish","type":"page","link":"https:\/\/www.mosteirodeoia.com\/gl\/nos\/","title":{"rendered":"N\u00f3s"},"content":{"rendered":"\n<div class=\"wp-block-hacce-wrapper\"><div class=\"container\">\n<p><\/p>\n\n\n\n<div class=\"wp-block-columns has-2-columns is-layout-flex wp-container-core-columns-is-layout-1 wp-block-columns-is-layout-flex\">\n<div class=\"wp-block-column is-vertically-aligned-center is-layout-flow wp-block-column-is-layout-flow\">\n<p class=\"lightweight\">Vasco Galega \u00e9 un grupo empresarial galego con sede en Vigo. Est\u00e1 conformado por diferentes sociedades en catro continentes, m\u00e1is de 250 traballadores de 11 nacionalidades, e destaca pola s\u00faa vertente social. Estas acci\u00f3ns canalizadas a trav\u00e9s da Fundaci\u00f3n Bretal c\u00e9ntranse no apoio aos m\u00e1is desfavorecidos e a promoci\u00f3n da cultura e o deporte. A construci\u00f3n dunha escola de primaria en Angola para m\u00e1is de 300 nenos, o apoio a deportes minoritarios ou o proxecto de posta en valor do Mosteiro de Oia son alg\u00fans dos exemplos m\u00e1is recentes.<\/p>\n\n\n\n<p>Accede\u00a0<strong><a href=\"https:\/\/www.mosteirodeoia.com\/gl\/memorias-de-sostibilidade\/\" class=\"ek-link\">aqu\u00ed<\/a><\/strong><a href=\"https:\/\/www.mosteirodeoia.com\/gl\/memoria-de-sostibilidade\/\" class=\"ek-link\">\u00a0<\/a>\u00e1 nosa memoria de sostibilidade para co\u00f1ecer m\u00e1is informaci\u00f3n sobre o Real Mosteiro de Oia.<\/p>\n<\/div>\n\n\n\n<div class=\"wp-block-column is-layout-flow wp-block-column-is-layout-flow\">\n<figure class=\"wp-block-image size-full\"><img loading=\"lazy\" decoding=\"async\" width=\"900\" height=\"600\" src=\"https:\/\/www.mosteirodeoia.com\/wp-content\/uploads\/2023\/08\/foto-nosotros.jpg\" alt=\"\" class=\"wp-image-50586\" srcset=\"https:\/\/www.mosteirodeoia.com\/wp-content\/uploads\/2023\/08\/foto-nosotros.jpg 900w, https:\/\/www.mosteirodeoia.com\/wp-content\/uploads\/2023\/08\/foto-nosotros-300x200.jpg 300w, https:\/\/www.mosteirodeoia.com\/wp-content\/uploads\/2023\/08\/foto-nosotros-768x512.jpg 768w\" sizes=\"(max-width: 900px) 100vw, 900px\" \/><\/figure>\n<\/div>\n<\/div>\n<\/div><\/div>\n\n\n\n<p><\/p>\n","protected":false},"excerpt":{"rendered":"","protected":false},"author":1,"featured_media":0,"parent":0,"menu_order":0,"comment_status":"closed","ping_status":"closed","template":"","meta":{"_editorskit_title_hidden":false,"_editorskit_reading_time":0,"_editorskit_is_block_options_detached":false,"_editorskit_block_options_position":"{}","_coblocks_attr":"","_coblocks_dimensions":"","_coblocks_responsive_height":"","_coblocks_accordion_ie_support":"","footnotes":""},"class_list":["post-50565","page","type-page","status-publish","hentry"],"acf":[],"_links":{"self":[{"href":"https:\/\/www.mosteirodeoia.com\/gl\/wp-json\/wp\/v2\/pages\/50565"}],"collection":[{"href":"https:\/\/www.mosteirodeoia.com\/gl\/wp-json\/wp\/v2\/pages"}],"about":[{"href":"https:\/\/www.mosteirodeoia.com\/gl\/wp-json\/wp\/v2\/types\/page"}],"author":[{"embeddable":true,"href":"https:\/\/www.mosteirodeoia.com\/gl\/wp-json\/wp\/v2\/users\/1"}],"replies":[{"embeddable":true,"href":"https:\/\/www.mosteirodeoia.com\/gl\/wp-json\/wp\/v2\/comments?post=50565"}],"version-history":[{"count":6,"href":"https:\/\/www.mosteirodeoia.com\/gl\/wp-json\/wp\/v2\/pages\/50565\/revisions"}],"predecessor-version":[{"id":51404,"href":"https:\/\/www.mosteirodeoia.com\/gl\/wp-json\/wp\/v2\/pages\/50565\/revisions\/51404"}],"wp:attachment":[{"href":"https:\/\/www.mosteirodeoia.com\/gl\/wp-json\/wp\/v2\/media?parent=50565"}],"curies":[{"name":"wp","href":"https:\/\/api.w.org\/{rel}","templated":true}]}}

Nós

<div class="wp-block-hacce-wrapper"><div class="container">
<p></p>



<div class="wp-block-columns has-2-columns is-layout-flex wp-container-core-columns-is-layout-1 wp-block-columns-is-layout-flex">
<div class="wp-block-column is-vertically-aligned-center is-layout-flow wp-block-column-is-layout-flow">
<p class="lightweight">Vasco Galega é un grupo empresarial galego con sede en Vigo. Está conformado por diferentes sociedades en catro continentes, máis de 250 traballadores de 11 nacionalidades, e destaca pola súa vertente social. Estas accións canalizadas a través da Fundación Bretal céntranse no apoio aos máis desfavorecidos e a promoción da cultura e o deporte. A construción dunha escola de primaria en Angola para máis de 300 nenos, o apoio a deportes minoritarios ou o proxecto de posta en valor do Mosteiro de Oia son algúns dos exemplos máis recentes.</p>



<p>Accede <strong><a href="https://www.mosteirodeoia.com/gl/memorias-de-sostibilidade/" class="ek-link">aquí</a></strong><a href="https://www.mosteirodeoia.com/gl/memoria-de-sostibilidade/" class="ek-link"> </a>á nosa memoria de sostibilidade para coñecer máis información sobre o Real Mosteiro de Oia.</p>
</div>



<div class="wp-block-column is-layout-flow wp-block-column-is-layout-flow">
<figure class="wp-block-image size-full"><img loading="lazy" decoding="async" width="900" height="600" src="https://www.mosteirodeoia.com/wp-content/uploads/2023/08/foto-nosotros.jpg" alt="" class="wp-image-50586" srcset="https://www.mosteirodeoia.com/wp-content/uploads/2023/08/foto-nosotros.jpg 900w, https://www.mosteirodeoia.com/wp-content/uploads/2023/08/foto-nosotros-300x200.jpg 300w, https://www.mosteirodeoia.com/wp-content/uploads/2023/08/foto-nosotros-768x512.jpg 768w" sizes="(max-width: 900px) 100vw, 900px" /></figure>
</div>
</div>
</div></div>



<p></p>
